{"id":15306,"date":"2025-01-20T13:09:10","date_gmt":"2025-01-20T12:09:10","guid":{"rendered":"https:\/\/angelicadass.com\/?post_type=exhibition&#038;p=15306"},"modified":"2025-05-22T13:15:21","modified_gmt":"2025-05-22T11:15:21","slug":"sustrairik-gabeko-zuhaitzak-ez-du-aurrera-egiten-un-arbol-sin-raices-no-prospera","status":"publish","type":"exhibition","link":"https:\/\/angelicadass.com\/es\/exposiciones\/sustrairik-gabeko-zuhaitzak-ez-du-aurrera-egiten-un-arbol-sin-raices-no-prospera\/","title":{"rendered":"Sustrairik gabeko zuhaitzak ez du aurrera egiten \u2013 Un \u00e1rbol sin ra\u00edces no prospera"},"content":{"rendered":"","protected":false},"featured_media":15179,"parent":0,"template":"","format":"standard","class_list":["post-15306","exhibition","type-exhibition","status-publish","format-standard","has-post-thumbnail","hentry"],"acf":[],"yoast_head":"<!-- This site is optimized with the Yoast SEO plugin v24.8.1 - https:\/\/yoast.com\/wordpress\/plugins\/seo\/ -->\n<title>Sustrairik gabeko zuhaitzak ez du aurrera egiten \u2013 Un \u00e1rbol sin ra\u00edces no prospera &#8212; Ang\u00e9lica Dass<\/title>\n<meta name=\"robots\" content=\"index, follow, max-snippet:-1, max-image-preview:large, max-video-preview:-1\" \/>\n<link rel=\"canonical\" href=\"https:\/\/angelicadass.com\/es\/exposiciones\/sustrairik-gabeko-zuhaitzak-ez-du-aurrera-egiten-un-arbol-sin-raices-no-prospera\/\" \/>\n<meta property=\"og:locale\" content=\"es_ES\" \/>\n<meta property=\"og:type\" content=\"article\" \/>\n<meta property=\"og:title\" content=\"Sustrairik gabeko zuhaitzak ez du aurrera egiten \u2013 Un \u00e1rbol sin ra\u00edces no prospera &#8212; Ang\u00e9lica Dass\" \/>\n<meta property=\"og:url\" content=\"https:\/\/angelicadass.com\/es\/exposiciones\/sustrairik-gabeko-zuhaitzak-ez-du-aurrera-egiten-un-arbol-sin-raices-no-prospera\/\" \/>\n<meta property=\"og:site_name\" content=\"Ang\u00e9lica Dass\" \/>\n<meta property=\"article:modified_time\" content=\"2025-05-22T11:15:21+00:00\" \/>\n<meta property=\"og:image\" content=\"https:\/\/angelicadass.com\/wp-content\/uploads\/2025\/01\/WhatsApp-Image-2024-05-21-at-15.00.28-e1737375171356.jpeg\" \/>\n\t<meta property=\"og:image:width\" content=\"2048\" \/>\n\t<meta property=\"og:image:height\" content=\"1075\" \/>\n\t<meta property=\"og:image:type\" content=\"image\/jpeg\" \/>\n<meta name=\"twitter:card\" content=\"summary_large_image\" \/>\n<meta name=\"twitter:label1\" content=\"Tiempo de lectura\" \/>\n\t<meta name=\"twitter:data1\" content=\"7 minutos\" \/>\n<script type=\"application\/ld+json\" class=\"yoast-schema-graph\">{\"@context\":\"https:\/\/schema.org\",\"@graph\":[{\"@type\":\"WebPage\",\"@id\":\"https:\/\/angelicadass.com\/es\/exposiciones\/sustrairik-gabeko-zuhaitzak-ez-du-aurrera-egiten-un-arbol-sin-raices-no-prospera\/\",\"url\":\"https:\/\/angelicadass.com\/es\/exposiciones\/sustrairik-gabeko-zuhaitzak-ez-du-aurrera-egiten-un-arbol-sin-raices-no-prospera\/\",\"name\":\"Sustrairik gabeko zuhaitzak ez du aurrera egiten \u2013 Un \u00e1rbol sin ra\u00edces no prospera &#8212; Ang\u00e9lica Dass\",\"isPartOf\":{\"@id\":\"https:\/\/angelicadass.com\/es\/#website\"},\"primaryImageOfPage\":{\"@id\":\"https:\/\/angelicadass.com\/es\/exposiciones\/sustrairik-gabeko-zuhaitzak-ez-du-aurrera-egiten-un-arbol-sin-raices-no-prospera\/#primaryimage\"},\"image\":{\"@id\":\"https:\/\/angelicadass.com\/es\/exposiciones\/sustrairik-gabeko-zuhaitzak-ez-du-aurrera-egiten-un-arbol-sin-raices-no-prospera\/#primaryimage\"},\"thumbnailUrl\":\"https:\/\/angelicadass.com\/wp-content\/uploads\/2025\/01\/WhatsApp-Image-2024-05-21-at-15.00.28-e1737375171356.jpeg\",\"datePublished\":\"2025-01-20T12:09:10+00:00\",\"dateModified\":\"2025-05-22T11:15:21+00:00\",\"breadcrumb\":{\"@id\":\"https:\/\/angelicadass.com\/es\/exposiciones\/sustrairik-gabeko-zuhaitzak-ez-du-aurrera-egiten-un-arbol-sin-raices-no-prospera\/#breadcrumb\"},\"inLanguage\":\"es\",\"potentialAction\":[{\"@type\":\"ReadAction\",\"target\":[\"https:\/\/angelicadass.com\/es\/exposiciones\/sustrairik-gabeko-zuhaitzak-ez-du-aurrera-egiten-un-arbol-sin-raices-no-prospera\/\"]}]},{\"@type\":\"ImageObject\",\"inLanguage\":\"es\",\"@id\":\"https:\/\/angelicadass.com\/es\/exposiciones\/sustrairik-gabeko-zuhaitzak-ez-du-aurrera-egiten-un-arbol-sin-raices-no-prospera\/#primaryimage\",\"url\":\"https:\/\/angelicadass.com\/wp-content\/uploads\/2025\/01\/WhatsApp-Image-2024-05-21-at-15.00.28-e1737375171356.jpeg\",\"contentUrl\":\"https:\/\/angelicadass.com\/wp-content\/uploads\/2025\/01\/WhatsApp-Image-2024-05-21-at-15.00.28-e1737375171356.jpeg\",\"width\":2048,\"height\":1075},{\"@type\":\"BreadcrumbList\",\"@id\":\"https:\/\/angelicadass.com\/es\/exposiciones\/sustrairik-gabeko-zuhaitzak-ez-du-aurrera-egiten-un-arbol-sin-raices-no-prospera\/#breadcrumb\",\"itemListElement\":[{\"@type\":\"ListItem\",\"position\":1,\"name\":\"Portada\",\"item\":\"https:\/\/angelicadass.com\/es\/\"},{\"@type\":\"ListItem\",\"position\":2,\"name\":\"Exposiciones\",\"item\":\"https:\/\/angelicadass.com\/es\/exposiciones\/\"},{\"@type\":\"ListItem\",\"position\":3,\"name\":\"Sustrairik gabeko zuhaitzak ez du aurrera egiten \u2013 Un \u00e1rbol sin ra\u00edces no prospera\"}]},{\"@type\":\"WebSite\",\"@id\":\"https:\/\/angelicadass.com\/es\/#website\",\"url\":\"https:\/\/angelicadass.com\/es\/\",\"name\":\"Ang\u00e9lica Dass\",\"description\":\"Brazilian photographer based in Madrid and the creator of the project Human\u00e6.\",\"publisher\":{\"@id\":\"https:\/\/angelicadass.com\/es\/#\/schema\/person\/064bcca70897f1ef0e97135a9a946db6\"},\"potentialAction\":[{\"@type\":\"SearchAction\",\"target\":{\"@type\":\"EntryPoint\",\"urlTemplate\":\"https:\/\/angelicadass.com\/es\/?s={search_term_string}\"},\"query-input\":{\"@type\":\"PropertyValueSpecification\",\"valueRequired\":true,\"valueName\":\"search_term_string\"}}],\"inLanguage\":\"es\"},{\"@type\":[\"Person\",\"Organization\"],\"@id\":\"https:\/\/angelicadass.com\/es\/#\/schema\/person\/064bcca70897f1ef0e97135a9a946db6\",\"name\":\"Ang\u00e9lica Dass\",\"image\":{\"@type\":\"ImageObject\",\"inLanguage\":\"es\",\"@id\":\"https:\/\/angelicadass.com\/es\/#\/schema\/person\/image\/\",\"url\":\"https:\/\/secure.gravatar.com\/avatar\/4c9ed7d61adf4b4db539c7eec9cc73a7?s=96&d=mm&r=g\",\"contentUrl\":\"https:\/\/secure.gravatar.com\/avatar\/4c9ed7d61adf4b4db539c7eec9cc73a7?s=96&d=mm&r=g\",\"caption\":\"Ang\u00e9lica Dass\"},\"logo\":{\"@id\":\"https:\/\/angelicadass.com\/es\/#\/schema\/person\/image\/\"}}]}<\/script>\n<!-- \/ Yoast SEO plugin. -->","yoast_head_json":{"title":"Sustrairik gabeko zuhaitzak ez du aurrera egiten \u2013 Un \u00e1rbol sin ra\u00edces no prospera &#8212; Ang\u00e9lica Dass","robots":{"index":"index","follow":"follow","max-snippet":"max-snippet:-1","max-image-preview":"max-image-preview:large","max-video-preview":"max-video-preview:-1"},"canonical":"https:\/\/angelicadass.com\/es\/exposiciones\/sustrairik-gabeko-zuhaitzak-ez-du-aurrera-egiten-un-arbol-sin-raices-no-prospera\/","og_locale":"es_ES","og_type":"article","og_title":"Sustrairik gabeko zuhaitzak ez du aurrera egiten \u2013 Un \u00e1rbol sin ra\u00edces no prospera &#8212; Ang\u00e9lica Dass","og_url":"https:\/\/angelicadass.com\/es\/exposiciones\/sustrairik-gabeko-zuhaitzak-ez-du-aurrera-egiten-un-arbol-sin-raices-no-prospera\/","og_site_name":"Ang\u00e9lica Dass","article_modified_time":"2025-05-22T11:15:21+00:00","og_image":[{"width":2048,"height":1075,"url":"https:\/\/angelicadass.com\/wp-content\/uploads\/2025\/01\/WhatsApp-Image-2024-05-21-at-15.00.28-e1737375171356.jpeg","type":"image\/jpeg"}],"twitter_card":"summary_large_image","twitter_misc":{"Tiempo de lectura":"7 minutos"},"schema":{"@context":"https:\/\/schema.org","@graph":[{"@type":"WebPage","@id":"https:\/\/angelicadass.com\/es\/exposiciones\/sustrairik-gabeko-zuhaitzak-ez-du-aurrera-egiten-un-arbol-sin-raices-no-prospera\/","url":"https:\/\/angelicadass.com\/es\/exposiciones\/sustrairik-gabeko-zuhaitzak-ez-du-aurrera-egiten-un-arbol-sin-raices-no-prospera\/","name":"Sustrairik gabeko zuhaitzak ez du aurrera egiten \u2013 Un \u00e1rbol sin ra\u00edces no prospera &#8212; Ang\u00e9lica Dass","isPartOf":{"@id":"https:\/\/angelicadass.com\/es\/#website"},"primaryImageOfPage":{"@id":"https:\/\/angelicadass.com\/es\/exposiciones\/sustrairik-gabeko-zuhaitzak-ez-du-aurrera-egiten-un-arbol-sin-raices-no-prospera\/#primaryimage"},"image":{"@id":"https:\/\/angelicadass.com\/es\/exposiciones\/sustrairik-gabeko-zuhaitzak-ez-du-aurrera-egiten-un-arbol-sin-raices-no-prospera\/#primaryimage"},"thumbnailUrl":"https:\/\/angelicadass.com\/wp-content\/uploads\/2025\/01\/WhatsApp-Image-2024-05-21-at-15.00.28-e1737375171356.jpeg","datePublished":"2025-01-20T12:09:10+00:00","dateModified":"2025-05-22T11:15:21+00:00","breadcrumb":{"@id":"https:\/\/angelicadass.com\/es\/exposiciones\/sustrairik-gabeko-zuhaitzak-ez-du-aurrera-egiten-un-arbol-sin-raices-no-prospera\/#breadcrumb"},"inLanguage":"es","potentialAction":[{"@type":"ReadAction","target":["https:\/\/angelicadass.com\/es\/exposiciones\/sustrairik-gabeko-zuhaitzak-ez-du-aurrera-egiten-un-arbol-sin-raices-no-prospera\/"]}]},{"@type":"ImageObject","inLanguage":"es","@id":"https:\/\/angelicadass.com\/es\/exposiciones\/sustrairik-gabeko-zuhaitzak-ez-du-aurrera-egiten-un-arbol-sin-raices-no-prospera\/#primaryimage","url":"https:\/\/angelicadass.com\/wp-content\/uploads\/2025\/01\/WhatsApp-Image-2024-05-21-at-15.00.28-e1737375171356.jpeg","contentUrl":"https:\/\/angelicadass.com\/wp-content\/uploads\/2025\/01\/WhatsApp-Image-2024-05-21-at-15.00.28-e1737375171356.jpeg","width":2048,"height":1075},{"@type":"BreadcrumbList","@id":"https:\/\/angelicadass.com\/es\/exposiciones\/sustrairik-gabeko-zuhaitzak-ez-du-aurrera-egiten-un-arbol-sin-raices-no-prospera\/#breadcrumb","itemListElement":[{"@type":"ListItem","position":1,"name":"Portada","item":"https:\/\/angelicadass.com\/es\/"},{"@type":"ListItem","position":2,"name":"Exposiciones","item":"https:\/\/angelicadass.com\/es\/exposiciones\/"},{"@type":"ListItem","position":3,"name":"Sustrairik gabeko zuhaitzak ez du aurrera egiten \u2013 Un \u00e1rbol sin ra\u00edces no prospera"}]},{"@type":"WebSite","@id":"https:\/\/angelicadass.com\/es\/#website","url":"https:\/\/angelicadass.com\/es\/","name":"Ang\u00e9lica Dass","description":"Brazilian photographer based in Madrid and the creator of the project Human\u00e6.","publisher":{"@id":"https:\/\/angelicadass.com\/es\/#\/schema\/person\/064bcca70897f1ef0e97135a9a946db6"},"potentialAction":[{"@type":"SearchAction","target":{"@type":"EntryPoint","urlTemplate":"https:\/\/angelicadass.com\/es\/?s={search_term_string}"},"query-input":{"@type":"PropertyValueSpecification","valueRequired":true,"valueName":"search_term_string"}}],"inLanguage":"es"},{"@type":["Person","Organization"],"@id":"https:\/\/angelicadass.com\/es\/#\/schema\/person\/064bcca70897f1ef0e97135a9a946db6","name":"Ang\u00e9lica Dass","image":{"@type":"ImageObject","inLanguage":"es","@id":"https:\/\/angelicadass.com\/es\/#\/schema\/person\/image\/","url":"https:\/\/secure.gravatar.com\/avatar\/4c9ed7d61adf4b4db539c7eec9cc73a7?s=96&d=mm&r=g","contentUrl":"https:\/\/secure.gravatar.com\/avatar\/4c9ed7d61adf4b4db539c7eec9cc73a7?s=96&d=mm&r=g","caption":"Ang\u00e9lica Dass"},"logo":{"@id":"https:\/\/angelicadass.com\/es\/#\/schema\/person\/image\/"}}]}},"_links":{"self":[{"href":"https:\/\/angelicadass.com\/es\/wp-json\/wp\/v2\/exhibition\/15306","targetHints":{"allow":["GET"]}}],"collection":[{"href":"https:\/\/angelicadass.com\/es\/wp-json\/wp\/v2\/exhibition"}],"about":[{"href":"https:\/\/angelicadass.com\/es\/wp-json\/wp\/v2\/types\/exhibition"}],"version-history":[{"count":26,"href":"https:\/\/angelicadass.com\/es\/wp-json\/wp\/v2\/exhibition\/15306\/revisions"}],"predecessor-version":[{"id":15874,"href":"https:\/\/angelicadass.com\/es\/wp-json\/wp\/v2\/exhibition\/15306\/revisions\/15874"}],"wp:featuredmedia":[{"embeddable":true,"href":"https:\/\/angelicadass.com\/es\/wp-json\/wp\/v2\/media\/15179"}],"wp:attachment":[{"href":"https:\/\/angelicadass.com\/es\/wp-json\/wp\/v2\/media?parent=15306"}],"curies":[{"name":"wp","href":"https:\/\/api.w.org\/{rel}","templated":true}]}}

Sustrairik gabeko zuhaitzak ez du aurrera egiten – Un árbol sin raíces no prospera

<!-- This site is optimized with the Yoast SEO plugin v24.8.1 - https://yoast.com/wordpress/plugins/seo/ -->
<title>Sustrairik gabeko zuhaitzak ez du aurrera egiten – Un árbol sin raíces no prospera &#8212; Angélica Dass</title>
<meta name="robots" content="index, follow, max-snippet:-1, max-image-preview:large, max-video-preview:-1" />
<link rel="canonical" href="https://angelicadass.com/es/exposiciones/sustrairik-gabeko-zuhaitzak-ez-du-aurrera-egiten-un-arbol-sin-raices-no-prospera/" />
<meta property="og:locale" content="es_ES" />
<meta property="og:type" content="article" />
<meta property="og:title" content="Sustrairik gabeko zuhaitzak ez du aurrera egiten – Un árbol sin raíces no prospera &#8212; Angélica Dass" />
<meta property="og:url" content="https://angelicadass.com/es/exposiciones/sustrairik-gabeko-zuhaitzak-ez-du-aurrera-egiten-un-arbol-sin-raices-no-prospera/" />
<meta property="og:site_name" content="Angélica Dass" />
<meta property="article:modified_time" content="2025-05-22T11:15:21+00:00" />
<meta property="og:image" content="https://angelicadass.com/wp-content/uploads/2025/01/WhatsApp-Image-2024-05-21-at-15.00.28-e1737375171356.jpeg" />
	<meta property="og:image:width" content="2048" />
	<meta property="og:image:height" content="1075" />
	<meta property="og:image:type" content="image/jpeg" />
<meta name="twitter:card" content="summary_large_image" />
<meta name="twitter:label1" content="Tiempo de lectura" />
	<meta name="twitter:data1" content="7 minutos" />
<script type="application/ld+json" class="yoast-schema-graph">{"@context":"https://schema.org","@graph":[{"@type":"WebPage","@id":"https://angelicadass.com/es/exposiciones/sustrairik-gabeko-zuhaitzak-ez-du-aurrera-egiten-un-arbol-sin-raices-no-prospera/","url":"https://angelicadass.com/es/exposiciones/sustrairik-gabeko-zuhaitzak-ez-du-aurrera-egiten-un-arbol-sin-raices-no-prospera/","name":"Sustrairik gabeko zuhaitzak ez du aurrera egiten – Un árbol sin raíces no prospera &#8212; Angélica Dass","isPartOf":{"@id":"https://angelicadass.com/es/#website"},"primaryImageOfPage":{"@id":"https://angelicadass.com/es/exposiciones/sustrairik-gabeko-zuhaitzak-ez-du-aurrera-egiten-un-arbol-sin-raices-no-prospera/#primaryimage"},"image":{"@id":"https://angelicadass.com/es/exposiciones/sustrairik-gabeko-zuhaitzak-ez-du-aurrera-egiten-un-arbol-sin-raices-no-prospera/#primaryimage"},"thumbnailUrl":"https://angelicadass.com/wp-content/uploads/2025/01/WhatsApp-Image-2024-05-21-at-15.00.28-e1737375171356.jpeg","datePublished":"2025-01-20T12:09:10+00:00","dateModified":"2025-05-22T11:15:21+00:00","breadcrumb":{"@id":"https://angelicadass.com/es/exposiciones/sustrairik-gabeko-zuhaitzak-ez-du-aurrera-egiten-un-arbol-sin-raices-no-prospera/#breadcrumb"},"inLanguage":"es","potentialAction":[{"@type":"ReadAction","target":["https://angelicadass.com/es/exposiciones/sustrairik-gabeko-zuhaitzak-ez-du-aurrera-egiten-un-arbol-sin-raices-no-prospera/"]}]},{"@type":"ImageObject","inLanguage":"es","@id":"https://angelicadass.com/es/exposiciones/sustrairik-gabeko-zuhaitzak-ez-du-aurrera-egiten-un-arbol-sin-raices-no-prospera/#primaryimage","url":"https://angelicadass.com/wp-content/uploads/2025/01/WhatsApp-Image-2024-05-21-at-15.00.28-e1737375171356.jpeg","contentUrl":"https://angelicadass.com/wp-content/uploads/2025/01/WhatsApp-Image-2024-05-21-at-15.00.28-e1737375171356.jpeg","width":2048,"height":1075},{"@type":"BreadcrumbList","@id":"https://angelicadass.com/es/exposiciones/sustrairik-gabeko-zuhaitzak-ez-du-aurrera-egiten-un-arbol-sin-raices-no-prospera/#breadcrumb","itemListElement":[{"@type":"ListItem","position":1,"name":"Portada","item":"https://angelicadass.com/es/"},{"@type":"ListItem","position":2,"name":"Exposiciones","item":"https://angelicadass.com/es/exposiciones/"},{"@type":"ListItem","position":3,"name":"Sustrairik gabeko zuhaitzak ez du aurrera egiten – Un árbol sin raíces no prospera"}]},{"@type":"WebSite","@id":"https://angelicadass.com/es/#website","url":"https://angelicadass.com/es/","name":"Angélica Dass","description":"Brazilian photographer based in Madrid and the creator of the project Humanæ.","publisher":{"@id":"https://angelicadass.com/es/#/schema/person/064bcca70897f1ef0e97135a9a946db6"},"potentialAction":[{"@type":"SearchAction","target":{"@type":"EntryPoint","urlTemplate":"https://angelicadass.com/es/?s={search_term_string}"},"query-input":{"@type":"PropertyValueSpecification","valueRequired":true,"valueName":"search_term_string"}}],"inLanguage":"es"},{"@type":["Person","Organization"],"@id":"https://angelicadass.com/es/#/schema/person/064bcca70897f1ef0e97135a9a946db6","name":"Angélica Dass","image":{"@type":"ImageObject","inLanguage":"es","@id":"https://angelicadass.com/es/#/schema/person/image/","url":"https://secure.gravatar.com/avatar/4c9ed7d61adf4b4db539c7eec9cc73a7?s=96&d=mm&r=g","contentUrl":"https://secure.gravatar.com/avatar/4c9ed7d61adf4b4db539c7eec9cc73a7?s=96&d=mm&r=g","caption":"Angélica Dass"},"logo":{"@id":"https://angelicadass.com/es/#/schema/person/image/"}}]}</script>
<!-- / Yoast SEO plugin. -->

Sustrairik gabeko zuhaitzak ez du aurrera egiten – Un árbol sin raíces no prospera &#8212; Angélica Dass

Angélica Dass

Brazilian photographer based in Madrid and the creator of the project Humanæ.
